 + 184, 5 = 3*v + 2*a - 131. What are the prime factors of v?
2, 3
Suppose 3*u + 2*u - 20 = 0. Suppose 0 = -2*s - s + 5*y + 9, s = 5*y + 3. Suppose 42 = 2*d + u*z, -3*z - 51 = -s*d - d. List the prime factors of d.
3, 5
Suppose -5*f - 3*l + l = -102, -2*f - 5*l + 45 = 0. Suppose f = -4*b, -5*o + 0*b - 4*b - 40 = 0. List the prime factors of 100/6 - o/(-6).
2
Let t(d) = -4*d**2 - d - 6. Let u(n) = n**2 + 1. Let k(i) = t(i) + 6*u(i). Let a(r) = r - 8. Let w be a(6). What are the prime factors of k(w)?
2, 5
Let q(z) = -z**3 - 4*z**2 + 10*z + 7. What are the prime factors of q(-6)?
19
Suppose 6 = 2*u - u. Let j be 78/9 - (-2)/u. Suppose -h = -4*o + 3 + 37, -j = o - 5*h. What are the prime factors of o?
11
Let f be 6 - 1*12/4. What are the prime factors of (2 + -21)/((-3)/f)?
19
List the prime factors of (-1)/((-6)/84)*16.
2, 7
List the prime factors of 1175/40 - (-6)/(-16).
29
Let n(f) = -f**3 - 11*f**2 - 12*f + 2. Let r(j) = -j**2 - j + 1. Let c(v) = n(v) - 6*r(v). Let w be c(-5). Suppose -u - u = -w. What are the prime factors of u?
13
Let l(s) = -9*s - 18. List the prime factors of l(-5).
3
Suppose 2*r + 44 = 3*r. List the prime factors of r.
2, 11
Let a be -2 - 106*(-2)/4. Let p = -36 + a. Suppose 0 = -h + 2*w + p, -4*w - 3 = 17. What are the prime factors of h?
5
Suppose -14*d + 369 = -5*d. List the prime factors of d.
41
Suppose -179 - 31 = 5*j. Let p = -27 - j. What are the prime factors of p?
3, 5
Suppose 37 + 49 = 2*x + 4*y, 3*x = y + 129. What are the prime factors of x?
43
Let q = -33 - -12. List the prime factors of (-6)/q - 188/(-28).
7
Let o = 8 - -7. Let s = 24 - o. List the prime factors of s.
3
Let v(c) = -c + 3. Suppose 0 = -i + 2, 0 = -5*a - 4*i + i + 31. Suppose 0 = 2*m + 4*o + 4 - 2, o = a*m + 27. List the prime factors of v(m).
2
Let w(k) be the second derivative of -k**5/20 + k**4/12 + k**3/6 + 31*k**2/2 + 6*k. What are the prime factors of w(0)?
31
Let i(g) = -g**2 - 4*g + 5. Let r = 5 + -9. Let p be (-2)/(-6)*r*3. List the prime factors of i(p).
5
Suppose 3 = 2*i + 9. What are the prime factors of (-30)/i + 4 + -3?
11
Let c = 9 + -5. Suppose c*t = t + 57. List the prime factors of t.
19
Let r(b) be the second derivative of b**5/120 + 7*b**4/24 - b**3/3 + b. Let h(m) be the second derivative of r(m). What are the prime factors of h(-5)?
2
Let v(a) = 13*a - 1. What are the prime factors of v(2)?
5
Let c(x) = -x**2 - 24*x - 21. List the prime factors of c(-14).
7, 17
Let z(m) = -19*m - 8. What are the prime factors of z(-3)?
7
Let t(s) = s**3 - 3*s**2 + 4. Let q be t(3). Let r = 32 + q. List the prime factors of r.
2, 3
Suppose -5*j - 10 = 3*r, -4*r + 2*j = 5*j - 5. Suppose -2*a = a - 12. Suppose -2*y = -0*y + r*i + 9, 4*y + a*i - 12 = 0. What are the prime factors of y?
2
Suppose -96 - 14 = -5*m. Let d = m - 16. List the prime factors of d.
2, 3
Let h(z) = z**2 + 10*z + 13. What are the prime factors of h(-13)?
2, 13
List the prime factors of 15*-2*(-3)/9.
2, 5
Suppose 0 = -4*x + 6 + 26. Suppose -p + 3 = 0, -5*c + p = -29 - x. List the prime factors of c.
2
Let v(r) = 7*r + 3. Suppose -3*x + 7 + 2 = 0. List the prime factors of v(x).
2, 3
Suppose -2*t + 3 = t. Let j be (0 - -1)/(t/2). Suppose -4 = -2*k - 2*y, 0 = j*k - 7*y + 3*y - 34. What are the prime factors of k?
7
Suppose -3*g = 2*g - 355. What are the prime factors of g?
71
Let h(o) = -o**2 - 14*o + 32. List the prime factors of h(-14).
2
Let d = 35 + -4. List the prime factors of d.
31
Suppose -s - 2*k + 139 = 3*k, 2*s - k - 234 = 0. What are the prime factors of s?
7, 17
List the prime factors of -2 + (-818)/(-10) - 48/60.
79
Let o be -21*(0 - (-2 - -3)). Let p = -4 + 4. Suppose p*q + 3*q = o. What are the prime factors of q?
7
Let u be (-24)/(-10)*(6 + -1). Let i = -9 + u. Suppose -4*f - 44 = -4*h, 3*h + f + i*f = -2. List the prime factors of h.
2, 3
Suppose 2*n + 27 = -o + 6*n, 0 = -3*n + 3. Let l = o - -34. List the prime factors of l.
11
Suppose -4*k + 186 = 2*x, -2*k - x + 138 = k. Let o be 1 + k/(1 - 0). Suppose -3*b + o + 6 = -n, -4*b = -4*n - 80. List the prime factors of b.
2
Let f(z) = -7*z**3 + z**2. Let a be f(1). Let y be (10/a)/((-2)/6). Suppose y*m + 0 - 1 = -3*x, -5*m + 4 = 2*x. List the prime factors of m.
2
Suppose -4*i = 2*a + 20, -6*i = -4*a - 2*i - 16. Let r(l) = -l**2 - 9*l - 7. What are the prime factors of r(a)?
11
Let a = 7 + 0. Let l = 2 - a. Let x = 0 - l. What are the prime factors of x?
5
Let l be 2/((-4)/(-18)) + -2. Let r = l - 4. Suppose -24 = -r*p - 5*h, 15 = p + 2*p + 2*h. What are the prime factors of p?
3
Suppose 4*g - 3*g - 32 = -5*d, 28 = g + 3*d. What are the prime factors of g?
2, 11
Let n(s) = 2*s**2 + 2*s + 1. Suppose 0 = -2*h - 2 - 4. List the prime factors of n(h).
13
Let c(r) = -r. Let z be c(1). Let b(k) = -18*k**3 + 2*k**2 - 1. List the prime factors of b(z).
19
Let l be ((-5)/(-3) + -1)*3. Suppose 0*i - l = -2*o + i, -o - i = -7. Suppose 6 = t - o. What are the prime factors of t?
3
Let r = 9 - 0. Suppose 2*j - 3*l - 13 = 0, 33 = 5*j + l + r. What are the prime factors of j?
5
Let a = 1 + 1. Let i(h) = 11*h + 4*h**a + 0*h**2 + 16 - 3*h**2 + 3*h. List the prime factors of i(-14).
2
Suppose 4*c - 31 = -k, -c = 4*k - k - 38. Suppose n - 2*x - x - k = 0, x + 5 = 0. List the prime factors of ((-2)/n)/((-1)/(-16)).
2
What are the prime factors of 6/(-18) - 860/(-6)*1?
11, 13
Let m(b) = 71*b - 2. Let c be m(2). Suppose -2*h = 3*j - 71, -5*j = h - 6*h + c. Suppose 4*d - h - 13 = 0. List the prime factors of d.
11
Suppose 0 = q, 2*v - q - 5 = -1. Suppose f + 22 = v*f. List the prime factors of f.
2, 11
Let n(i) = i**2 - 7*i + 8. Let t be n(-10). Suppose -3*y = f - t, 3*y - f - 132 - 56 = 0. List the prime factors of y.
61
Suppose -32 = -2*t + w, -5*w + 3*w + 71 = 5*t. Suppose -17 = -4*r + t. List the prime factors of r.
2
Let d be 2/(-8) - (-7)/28. Suppose d = -2*a - 2 - 0. Let v(z) = -8*z - 1. What are the prime factors of v(a)?
7
Let a be (2/(-4))/((-2)/24). Suppose -a*u = -2*u - 160. What are the prime factors of 7*(-2 - u/(-14))?
2, 3
Let m(y) = 2*y**2 - 12*y - 12. Let q be m(9). Let g = q - 20. Let v = 36 - g. What are the prime factors of v?
2, 7
Suppose 0 = 2*a + 2*a - 84. List the prime factors of a.
3, 7
Let i(f) = 2 + 4*f - 4 - f - 4*f. Let l(c) = -2*c - 4. Let r(x) = 10*i(x) - 4*l(x). What are the prime factors of r(-9)?
2, 7
Suppose -v + 2*f = -18, 3*v - 3*f - 4 = -7*f. List the prime factors of v.
2
Let v = 4 + 0. Suppose 0 = k - v*k + 36. What are the prime factors of k?
2, 3
List the prime factors of -4*5/10 - -228.
2, 113
Suppose n - 216 + 35 = 0. What are the prime factors of n?
181
Let l(v) be the second derivative of v**4/12 - v**3/3 + 2*v**2 - 4*v. What are the prime factors of l(3)?
7
Let d(k) = k**3 - 2*k**2 - 3*k + 4. Let t be d(3). Suppose 0 = -q + 3, -t*j - q = -0*q - 15. Suppose -3*b = -24 - j. What are the prime factors of b?
3
Let o be ((-42)/8)/(1/(-4)). Suppose 3*x - 6*x + o = 0. Let z = x + 1. List the prime factors of z.
2
Let f = 9 - -1. Let c be (1 - 3)/((-5)/f). Suppose c*g - 3*g - 9 = 0. What are the prime factors of g?
3
List the prime factors of 24 + 5 + (4 - 5).
2, 7
Let k(m) = -6*m. Let t be k(-1). What are the prime factors of 21/9 + (-2)/t?
2
Let p = -60 + 123. List the prime factors of p.
3, 7
Let n be (-18)/(-45) - 57/5. What are the prime factors of (3 - n)*3/3?
2, 7
Suppose -7*a + 12*a - 420 = 0. Suppose 6*l - a = 162. List the prime factors of l.
41
Let k be ((-8)/(-28))/(2/14). Let q be (-6)/(-2)*k/(-6). Let c(z) = -5*z**3 + 2*z**2 + 2*z + 1. What are the prime factors of c(q)?
2, 3
Suppose -l + 0*l - 2 = 0. List the prime factors of -1*-13*(l + 3).
13
Suppose 0 = -3*d - 5*t - 16, -2*t - 19 = -3*d - 0*t. Suppose 0 = -d*w - 4*j + 53 - 5, w - 21 = -3*j. Suppose w = g + 4. List the prime factors of g.
2
Suppose 16 = 4*g, n + 2*g - 7 = 12. List the prime factors of n.
11
Suppose -6 = -5*k + 4. Suppose -k*j + 3*j - 3 = 0. Suppose y - j*h = -4*h, -h = 4. List the prime factors of y.
2
Let a(g) = 7*g - 7. What are the prime factors of a(8)?
7
Let d(x) = -x**2 + 8*x - 3. List the prime factors of d(5).
2, 3
Let s be 3/15 - (-2)/(-10). Suppose s = -4*o + 3 + 25. List the prime factors of o.
7
Let s = 116 + -87. What are the prime factors of s?
29
Let n = -161 + 260. Let p = n - 71. Li